e hundreds digit of 425947117?
1
What is the units digit of 1173733900?
0
What is the units digit of 10836485?
5
What is the hundred thousands digit of 455907523?
9
What is the units digit of 36967275?
5
What is the tens digit of 372291789?
8
What is the ten millions digit of 434619902?
3
What is the millions digit of 437228732?
7
What is the millions digit of 41845465?
1
What is the hundred millions digit of 864650609?
8
What is the millions digit of 26704723?
6
What is the hundreds digit of 5537175591?
5
What is the thousands digit of 48429987?
9
What is the hundred millions digit of 5536934302?
5
What is the ten millions digit of 534750217?
3
What is the ten millions digit of 365296593?
6
What is the billions digit of 1168886943?
1
What is the millions digit of 899377688?
9
What is the ten thousands digit of 14771767?
7
What is the hundreds digit of 27174066?
0
What is the millions digit of 229959608?
9
What is the thousands digit of 49737802?
7
What is the tens digit of 73959954?
5
What is the millions digit of 528665191?
8
What is the ten thousands digit of 34739952?
3
What is the tens digit of 341583617?
1
What is the hundreds digit of 586339868?
8
What is the thousands digit of 1543508487?
8
What is the hundred thousands digit of 4130524690?
5
What is the millions digit of 185217977?
5
What is the ten millions digit of 61343812?
6
What is the units digit of 1547054338?
8
What is the thousands digit of 1988906491?
6
What is the hundreds digit of 176785255?
2
What is the millions digit of 56668646?
6
What is the tens digit of 888466006?
0
What is the millions digit of 68574433?
8
What is the millions digit of 1161581993?
1
What is the hundred thousands digit of 29543889?
5
What is the tens digit of 42620570?
7
What is the units digit of 143145251?
1
What is the thousands digit of 203943053?
3
What is the ten millions digit of 59065032?
5
What is the thousands digit of 5155178132?
8
What is the thousands digit of 75961232?
1
What is the millions digit of 160541958?
0
What is the ten millions digit of 186624519?
8
What is the hundred thousands digit of 10802522?
8
What is the ten thousands digit of 855737997?
3
What is the billions digit of 5453152013?
5
What is the units digit of 26638651?
1
What is the tens digit of 37725863?
6
What is the hundred thousands digit of 769268039?
2
What is the ten thousands digit of 47816401?
1
What is the ten millions digit of 24609102?
2
What is the tens digit of 96539356?
5
What is the hundred thousands digit of 22745065?
7
What is the units digit of 399320280?
0
What is the millions digit of 605054637?
5
What is the hundreds digit of 153814337?
3
What is the hundreds digit of 989982771?
7
What is the ten millions digit of 6894490323?
9
What is the hundred millions digit of 401546931?
4
What is the ten thousands digit of 11441319?
4
What is the millions digit of 130766073?
0
What is the thousands digit of 315002046?
2
What is the ten thousands digit of 1157842893?
4
What is the thousands digit of 90758980?
8
What is the hundred thousands digit of 131375723?
3
What is the hundreds digit of 2815578083?
0
What is the thousands digit of 192128794?
8
What is the billions digit of 1197855621?
1
What is the units digit of 6415232231?
1
What is the thousands digit of 126090654?
0
What is the millions digit of 16137873?
6
What is the thousands digit of 501078889?
8
What is the ten millions digit of 199513778?
9
What is the hundred thousands digit of 497139690?
1
What is the ten thousands digit of 3061438421?
3
What is the hundreds digit of 67509117?
1
What is the millions digit of 782167984?
2
What is the ten thousands digit of 79555838?
5
What is the hundreds digit of 26019911?
9
What is the hundred millions digit of 3907962793?
9
What is the ten millions digit of 21661876?
2
What is the ten millions digit of 442548861?
4
What is the tens digit of 27150263?
6
What is the tens digit of 464197238?
3
What is the hundreds digit of 338203934?
9
What is the thousands digit of 49907724?
7
What is the tens digit of 156969078?
7
What is the ten millions digit of 63070498?
6
What is the ten millions digit of 178185435?
7
What is the ten millions digit of 52329617?
5
What is the ten millions digit of 1037295432?
3
What is the ten millions digit of 564513913?
6
What is the millions digit of 213991369?
3
What is the tens digit of 816548153?
5
What is the thousands digit of 50625265?
5
What is the thousands digit of 26559056?
9
What is the tens digit of 227627024?
2
What is the ten thousands digit of 66640944?
4
What is the tens digit of 457108038?
3
What is the hundred thousands digit of 1115908494?
9
What is the ten thousands digit of 959553673?
5
What is the ten millions digit of 2031498875?
3
What is the ten thousands digit of 47395451?
9
What is the ten thousands digit of 88075878?
7
What is the thousands digit of 58800502?
0
What is the units digit of 16626131?
1
What is the hundred millions digit of 834640180?
8
What is the tens digit of 152780021?
2
What is the hundred millions digit of 569868494?
5
What is the hundred thousands digit of 58949369?
9
What is the hundred thousands digit of 721331023?
3
What is the hundred millions digit of 698362498?
6
What is the hundred thousands digit of 4631299471?
2
What is the tens digit of 35801138?
3
What is the ten millions digit of 222931882?
2
What is the hundreds digit of 1404600906?
9
What is the hundreds digit of 128329032?
0
What is the tens digit of 5507411?
1
What is the thousands digit of 138055542?
5
What is the ten thousands digit of 34187820?
8
What is the units digit of 19296737?
7
What is the hundreds digit of 2714513224?
2
What is the thousands digit of 461801785?
1
What is the billions digit of 3034750725?
3
What is the units digit of 144145593?
3
What is the ten thousands digit of 253739245?
3
What is the billions digit of 3276849544?
3
What is the hundred thousands digit of 11208558?
2
What is the thousands digit of 40625480?
5
What is the millions digit of 77640430?
7
What is the ten thousands digit of 150621668?
2
What is the ten thousands digit of 40351261?
5
What is the millions digit of 122016030?
2
What is the hundred thousands digit of 886173968?
1
What is the billions digit of 1862087557?
1
What is the ten thousands digit of 61107822?
0
What is the millions digit of 6896375?
6
What is the tens digit of 630996346?
4
What is the hundreds digit of 6710304135?
1
What is the hundred millions digit of 2642941403?
6
What is the millions digit of 514088901?
4
What is the thousands digit of 135094257?
4
What is the hundred thousands digit of 129857720?
8
What is the ten millions digit of 148363722?
4
What is the hundred millions digit of 1012000236?
0
What is the hundred millions digit of 251781962?
2
What is the hundreds digit of 573813369?
3
What is the hundred millions digit of 236695000?
2
What is the hundred millions digit of 651377883?
6
What is the thousands digit of 59733774?
3
What is the millions digit of 341086927?
1
What is the ten thousands digit of 30860543?
6
What is the millions digit of 302765973?
2
What is the thousands digit of 910898707?
8
What is the ten thousands digit of 417251081?
5
What is the units digit of 45715657?
7
What is the units digit of 279370257?
7
What is the hundreds digit of 615058779?
7
What is the ten thousands digit of 1760540802?
4
What is the hundreds digit of 357841641?
6
What is the hundred millions digit of 245687455?
2
What is the billions digit of 1641885200?
1
What is the hundred thousands digit of 976253695?
2
What is the hundreds digit of 61177313?
3
What is the millions digit of 1386591944?
6
What is the millions digit of 194642166?
4
What is the tens digit of 9278312?
1
What is the hundreds digit of 41468312?
3
What is the thousands digit of 146559910?
9
What is the ten thousands digit of 4465232380?
3
What is the thousands digit of 7620762?
0
What is the hundred thousands digit of 39294396?
2
What is the ten thousands digit of 9762205?
6
What is the billions digit of 1269722070?
1
What is the thousands digit of 300161735?
1
What is the ten millions digit of 204014223?
0
What is the hundreds digit of 122694970?
9
What is the billions digit of 2193982498?
2
What is the ten thousands digit of 43692692?
9
W